*b + 6. Let m be k(6). Suppose -5*w + 2*g + 3*g + 40 = m, 0 = -2*w - 5*g + 23. Calculate the highest common factor of w and 63.
9
Suppose 2 = -f + 7. Suppose a = -3*c + 24, -5*a + 0*c + 120 = -f*c. Suppose 5*p - 37 = 2*x + 7, 3*x = 2*p - 22. What is the greatest common divisor of p and a?
8
Let b be 2*2/6*3. Suppose 0 = 2*p + b*k + 2*k - 328, p - 5*k - 178 = 0. What is the highest common factor of 21 and p?
21
Let h be -1*2/2*0. Suppose h = 4*c + 16, -c = -y - 6*c - 21. Let l be 2/(y*2)*-13. Calculate the highest common factor of 104 and l.
13
Let j = 270 + -144. Calculate the highest common divisor of 42 and j.
42
Suppose g + g + 30 = 4*q, -3*q + 3*g = -21. Let z be (-1 - -21) + (0 - 0). Calculate the highest common factor of z and q.
4
Let v(k) be the first derivative of -k + 2 + k**3 + k**2 - 1/4*k**4. Let m be v(3). What is the highest common divisor of 1 and m?
1
Let v = -4 + 8. Let x = -2 + v. Suppose -5*n = -n + 5*t - 18, 0 = -n + x*t + 11. What is the highest common divisor of 77 and n?
7
Let h be (2/1 - -799) + -3. Let v be (-3)/(-15) + h/10. Suppose 20 = n - 4*a, 3*n = 5*n + a - 31. Calculate the highest common divisor of v and n.
16
Let r = 3 - 8. Let b = r - -35. Let q be 122/8 - 2/8. What is the highest common divisor of b and q?
15
Let i(g) = -2*g + 19. Let f be i(8). Let j(n) = -n + 2. Let p be j(6). Let s be ((-15)/p)/(f/12). What is the highest common divisor of s and 10?
5
Let p be (-2344)/(-26) + 14/(-91). What is the highest common divisor of 10 and p?
10
Let t(d) = -2*d**3 + 2*d**2 + 4*d + 4. Let x be t(-2). Let a be 1/((-3)/48)*-10. Calculate the greatest common divisor of a and x.
20
Suppose -o + 39 = -5*q + 10, o = -2*q - 6. What is the highest common factor of 4 and o?
4
Let b(f) = f + 4. Let j be b(-8). Let r(t) = 4*t**2 + 5*t - 4. Let l be r(j). Let c = 12 + -7. Calculate the highest common divisor of l and c.
5
Suppose u + 3*r + 2*r = 33, 2*r - 34 = -3*u. What is the highest common factor of u and 20?
4
Suppose -2*k + 3*r = -6, -2*r = r. Calculate the greatest common divisor of k and 2.
1
Let f be (-2*17/2)/(-1). Let i(k) = -k + 85. Let g be i(0). What is the greatest common divisor of f and g?
17
Suppose 4*o - 35 = 69. What is the highest common divisor of o and 39?
13
Let v(l) = l**2 + 7*l + 14. Let b(r) = r**2 - 5*r - 7. Let c be b(5). Let o be v(c). Calculate the highest common factor of 35 and o.
7
Let a(m) = 4*m**3 - 2*m**2 - m. Let v(n) = -n + 2. Let f be v(0). Let g be a(f). Calculate the highest common factor of 11 and g.
11
Let h(b) = -b**3 + 6*b**2 + 2*b - 7. Let k be h(6). Suppose k*r + 6*n = 7*n + 18, -4*r + 20 = 2*n. Calculate the greatest common factor of 4 and r.
4
Suppose -3*a - 286 = 254. Let z be ((-8)/3)/(4/a). Calculate the highest common divisor of z and 15.
15
Suppose -4*w = -1 - 11. Let y be ((-3)/(-2))/(1/4). Suppose w*q + 78 = y*q. What is the highest common factor of 65 and q?
13
Suppose -3*g + g + 462 = 0. Let o be (-1 + (4 - 2))/(2/66). What is the highest common factor of o and g?
33
Let q(k) = k + 8. Let a be q(10). Let z = -5 + 10. Suppose -18 = -z*y + 4*y - 3*t, t = 0. Calculate the highest common factor of y and a.
18
Let c = 96 - 47. Suppose -5*y + 3*r - 5 = 8*r, -5*r = y + 21. Suppose 6*i = y*i + 14. What is the highest common factor of i and c?
7
Let q = 0 - -2. Let a = 21 - 45. Let s be 1 + q/(-2) - a. What is the greatest common divisor of 6 and s?
6
Let f(h) = h**2 + 29*h + 56. Let s be f(-28). What is the greatest common divisor of s and 21?
7
Suppose -4*a - 3*b + 16 = -0*a, 5*a + b - 9 = 0. What is the greatest common divisor of 4 and a?
1
Suppose 3*o = -g + 74, 5*o = -2*g + 17 + 106. What is the greatest common factor of 250 and o?
25
Let x = -23 + 47. Let l be 72/(-15)*15/(-2). Calculate the highest common divisor of l and x.
12
Let b = -1 - -1. Let q be (2 + (0 - b))*2. Suppose -30 = -q*x + 50. Calculate the greatest common divisor of 40 and x.
20
Let u = 382 + -179. Let t(s) = 3*s + 29. Let w be t(0). Calculate the highest common factor of w and u.
29
Let g be (2*(-9)/(-12))/((-3)/(-128)). Calculate the greatest common divisor of 16 and g.
16
Suppose 18 = 5*m + 3. Let k = 16 - 1. Suppose 0 = -b - m + k. What is the highest common factor of b and 8?
4
Let w(b) = b**3 - 7*b**2 + 7*b - 6. Let v be w(6). Suppose v*x = -x - 38. Let h = 77 + x. What is the highest common factor of 26 and h?
13
Suppose -5*c + k = -302 - 167, 2*k + 473 = 5*c. Let q = c + -58. Suppose p - u = q, 3*p = u - 2*u + 121. What is the highest common factor of 13 and p?
13
Suppose y + 2*n = 12, y = -2*y - 4*n + 32. Suppose g - 8 = -3*g. What is the greatest common factor of y and g?
2
Let l be (-2)/((-3)/(-114)*-1). Let g = l - 1. Calculate the greatest common divisor of g and 15.
15
Let q = -167 - -266. Calculate the greatest common divisor of q and 11.
11
Suppose 3*l = -2*i + 24, 3*i - l - 22 = 14. Suppose i*p - 9*p = 18. Suppose 2*w = 3*w - 6. Calculate the greatest common factor of p and w.
6
Let t(v) be the second derivative of v**5/20 - 5*v**4/12 - v**3 + 2*v. Let w be t(6). Suppose w*u - 36 = -3*u. Calculate the greatest common factor of u and 6.
6
Suppose -3*z = -8*z + 5*u + 425, 3*z - u - 245 = 0. Calculate the greatest common factor of 10 and z.
10
Let v(g) = 8*g**3 - 8*g**2 + g - 2. Let o be v(3). Calculate the highest common factor of o and 29.
29
Let u = 320 + -224. Calculate the highest common divisor of u and 12.
12
Suppose 2*k - 5*g = -1, g - 8 = k + 2*k. Let x be (k/(-9))/(2/12). Suppose 5*z = 5*p + 30, -2*z + 3*p = -x*p. What is the greatest common divisor of z and 20?
10
Let i(l) = 17*l**2 - 4*l + 3. Let r be i(3). Let s = r + -48. Let g = -52 + s. What is the greatest common divisor of 4 and g?
4
Suppose -84 = 2*m - 5*m. What is the greatest common divisor of m and 4?
4
Let d(w) = 2*w. Let n be d(7). Calculate the highest common factor of 14 and n.
14
Let h(c) = c**3 - 10*c + 7. Let u be h(7). Suppose -5*g = -3*g - 56. What is the greatest common divisor of u and g?
28
Let u(p) = 4*p - 2. Let j = -4 + 7. Let s be u(j). Calculate the greatest common factor of 4 and s.
2
Suppose -5*j - 3*c = -315, -c + 170 = 3*j - 23. Suppose -5*i = -254 - j. Let r = 6 + 2. Calculate the greatest common divisor of r and i.
8
Let d = 21 - 15. Let q(o) = -o**3 + 25*o**2 - 22*o - 18. Let u be q(24). Calculate the greatest common divisor of d and u.
6
Let m be -3*(-2 - (-56)/6). Let n = 28 - -27. Let j = m + n. What is the highest common factor of j and 3?
3
Let j be ((-49)/14)/(2/(-36)). What is the highest common factor of 9 and j?
9
Suppose 4*x = 2*c - 18, -24 = -4*c + 2*c + 2*x. Suppose 5*g - 6*n = -2*n - c, -5*n = -3*g - 9. Let w = 5 + g. What is the highest common divisor of w and 18?
2
Let y(d) = -d**2 + 8*d - 7. Let u be y(7). Let b be 3/((-1)/(-3) - u). What is the highest common divisor of b and 45?
9
Let p be (-2)/(-2)*-1*-1. Let r = 16 - 10. Let w(b) = b**3 - 7*b**2 + 7*b + 5. Let k be w(r). What is the highest common divisor of k and p?
1
Let l be (-1 - 1)/((-2)/(-38)). Let o be 2 + (-5)/(5/l). What is the greatest common divisor of o and 8?
8
Let p(k) = -2*k**3 - 5*k**2 - 4*k - 2. Let n be p(-5). Let x be ((-13)/2)/((-9)/18). Calculate the highest common divisor of x and n.
13
Let p(k) = k - 7. Let s be p(10). Calculate the highest common divisor of 24 and s.
3
Let s(l) = l**3 - 3*l**2 - 2*l - 4. Let a be s(4). What is the greatest common factor of 4 and a?
4
Let y be 8/16 - 14/4. Let p be 1 + (-6)/y + 24. Calculate the greatest common divisor of 9 and p.
9
Suppose -344 = -5*b - t - 44, 2*b - t = 120. Let y be -3*(0 + 20/(-3)). What is the greatest common divisor of b and y?
20
Let i be (-1 + 1*4)/(-1). Let r = 4 - i. Let z(h) = -2*h**3 + h**2 + 2*h + 6. Let q be z(-3). Calculate the greatest common factor of r and q.
7
Let i(y) = 5*y**2. Let h be i(1). Suppose -p + 475 = 4*p + h*c, 214 = 2*p - 4*c. Calculate the greatest common divisor of p and 9.
9
Suppose o + 3*v - 79 - 1 = 0, 3*v + 245 = 4*o. What is the highest common divisor of o and 26?
13
Suppose -4*a + 3*w = -239, -3*w = -3*a + 166 + 17. Suppose 4*n - a = -0*n. What is the greatest common factor of n and 98?
14
Let a(i) = i + 7. Let u be a(-6). Let x be 1 - -13 - (0 - u). Calculate the greatest common divisor of 15 and x.
15
Let 